{"id":6,"date":"2014-10-21T17:14:23","date_gmt":"2014-10-21T15:14:23","guid":{"rendered":"http:\/\/www.kochlowski-immobilien.de\/?page_id=6"},"modified":"2025-05-05T14:38:46","modified_gmt":"2025-05-05T12:38:46","slug":"vermietung","status":"publish","type":"page","link":"https:\/\/www.kochlowski-immobilien.de\/?page_id=6","title":{"rendered":"Vermietung"},"content":{"rendered":"<h5><span style=\"color: #808080;\">Dienstleistung im Bereich Vermietung:<\/span><\/h5>\n<p><span style=\"color: #808080;\">\u2022 Objektaufnahme &amp; Vorbereitung<\/span><br \/>\n<span style=\"color: #808080;\">\u2022 Vermarktung &amp; Interessentenakquise<\/span><br \/>\n<span style=\"color: #808080;\">\u2022 Objektbesichtigungen<\/span><br \/>\n<span style=\"color: #808080;\">\u2022 Bonit\u00e4ts\u00fcberpr\u00fcfungen<\/span><br \/>\n<span style=\"color: #808080;\">\u2022 Interessentenauswahl &amp; Vorstellung<\/span><br \/>\n<span style=\"color: #808080;\">\u2022 Verhandlungsf\u00fchrung<\/span><br \/>\n<span style=\"color: #808080;\">\u2022 Vertragsabschluss<\/span><br \/>\n<span style=\"color: #808080;\">\u2022 \u00dcbergaben &amp; Abnahmen<\/span><br \/>\n<a href=\"https:\/\/www.kochlowski-immobilien.de\/wp-content\/uploads\/2014\/10\/Fotolia_66757584_XS.jpg\"><img loading=\"lazy\" decoding=\"async\" class=\"wp-image-121 size-medium alignleft\" src=\"https:\/\/www.kochlowski-immobilien.de\/wp-content\/uploads\/2014\/10\/Fotolia_66757584_XS-300x200.jpg\" alt=\"Haus und Baum - Altbau in Berlin\" width=\"300\" height=\"200\" srcset=\"https:\/\/www.kochlowski-immobilien.de\/wp-content\/uploads\/2014\/10\/Fotolia_66757584_XS-300x200.jpg 300w, https:\/\/www.kochlowski-immobilien.de\/wp-content\/uploads\/2014\/10\/Fotolia_66757584_XS.jpg 424w\" sizes=\"auto, (max-width: 300px) 100vw, 300px\" \/><\/a><\/p>\n<p>&nbsp;<\/p>\n","protected":false},"excerpt":{"rendered":"<p>Dienstleistung im Bereich Vermietung: \u2022 Objektaufnahme &amp; Vorbereitung \u2022 Vermarktung &amp; Interessentenakquise \u2022 Objektbesichtigungen \u2022 Bonit\u00e4ts\u00fcberpr\u00fcfungen \u2022 Interessentenauswahl &amp; Vorstellung \u2022 Verhandlungsf\u00fchrung \u2022 Vertragsabschluss \u2022 \u00dcbergaben &amp; Abnahmen &nbsp;<\/p>\n","protected":false},"author":1,"featured_media":0,"parent":0,"menu_order":0,"comment_status":"closed","ping_status":"closed","template":"","meta":{"footnotes":""},"class_list":["post-6","page","type-page","status-publish","hentry"],"_links":{"self":[{"href":"https:\/\/www.kochlowski-immobilien.de\/index.php?rest_route=\/wp\/v2\/pages\/6","targetHints":{"allow":["GET"]}}],"collection":[{"href":"https:\/\/www.kochlowski-immobilien.de\/index.php?rest_route=\/wp\/v2\/pages"}],"about":[{"href":"https:\/\/www.kochlowski-immobilien.de\/index.php?rest_route=\/wp\/v2\/types\/page"}],"author":[{"embeddable":true,"href":"https:\/\/www.kochlowski-immobilien.de\/index.php?rest_route=\/wp\/v2\/users\/1"}],"replies":[{"embeddable":true,"href":"https:\/\/www.kochlowski-immobilien.de\/index.php?rest_route=%2Fwp%2Fv2%2Fcomments&post=6"}],"version-history":[{"count":14,"href":"https:\/\/www.kochlowski-immobilien.de\/index.php?rest_route=\/wp\/v2\/pages\/6\/revisions"}],"predecessor-version":[{"id":392,"href":"https:\/\/www.kochlowski-immobilien.de\/index.php?rest_route=\/wp\/v2\/pages\/6\/revisions\/392"}],"wp:attachment":[{"href":"https:\/\/www.kochlowski-immobilien.de\/index.php?rest_route=%2Fwp%2Fv2%2Fmedia&parent=6"}],"curies":[{"name":"wp","href":"https:\/\/api.w.org\/{rel}","templated":true}]}}